{"id":34,"date":"2025-01-07T18:38:07","date_gmt":"2025-01-07T18:38:07","guid":{"rendered":"https:\/\/finnflyten.no\/?page_id=34"},"modified":"2026-03-30T11:33:15","modified_gmt":"2026-03-30T11:33:15","slug":"om-meg","status":"publish","type":"page","link":"https:\/\/finnflyten.no\/index.php\/om-meg\/","title":{"rendered":"Om meg"},"content":{"rendered":"\n<div class=\"wp-block-media-text has-media-on-the-right is-stacked-on-mobile is-image-fill-element\" style=\"font-size:18px;grid-template-columns:auto 30%\"><div class=\"wp-block-media-text__content\">\n<p>N\u00e5r jeg forteller at jeg er hypnoterapeut hender det jeg m\u00f8ter skepsis og usikkerhet. Noen er engstelige for at jeg skal f\u00e5 dem til \u00e5 st\u00e5 p\u00e5 ett ben og rope \u00abkykkeliky\u00bb.<\/p>\n\n\n\n<p>-Hei! Jeg heter Susanne, jeg er registrert Hypnoterapeut MNLH, og jeg er stort sett ganske snill. <\/p>\n\n\n\n<p>Og hypnoterapi handler ikke om \u00e5 miste kontrollen, men om \u00e5 ta den tilbake. (Ingen &laquo;kykkeliky&raquo;.)<\/p>\n<\/div><figure class=\"wp-block-media-text__media\"><img loading=\"lazy\" decoding=\"async\" width=\"168\" height=\"200\" src=\"https:\/\/finnflyten.no\/wp-content\/uploads\/2025\/01\/Profilbilde1.jpg\" alt=\"\" class=\"wp-image-40 size-full\" style=\"object-position:55% 42%\"\/><\/figure><\/div>\n\n\n\n<h3 class=\"wp-block-heading\">Hvordan det startet:<\/h3>\n\n\n\n<p>Da jeg var i slutten av ten\u00e5rene tok jeg mitt f\u00f8rste meditasjonskurs. Jeg var veldig aktiv innen kampsport og konkurranse, og trengte noe som kunne roe nervene litt. Dessuten hadde jeg en kronisk tarmsykdom som skapte ekstra tr\u00f8bbel under stress. Meditasjon og endringer i kosten ga sv\u00e6rt gode resultater, og ble starten p\u00e5 min livslange &laquo;helsereise&raquo;. Jeg fikk et sterkt behov for \u00e5 l\u00e6re mer om koblingen mellom fysisk og mental helse, om &laquo;tankens kraft&raquo;, og om kosthold og spesielt tarmhelse.<\/p>\n\n\n\n<p>At kroppen fungerte bedre med endret kosthold, var kanskje logisk. Men, hvorfor fungerte meditasjon og stressmestring s\u00e5 bra? Og hvorfor ble jeg s\u00e5 p\u00e5virket av egne tanker, og <em>andres<\/em> energier og hum\u00f8r, at jeg fikk vondt i magen? Det ble viktig for meg \u00e5 finne <em>svar<\/em>, finne dokumenterte bevis p\u00e5 dette &laquo;alternative&raquo;.<\/p>\n\n\n\n<p>Derfor dypdykket jeg i studier og forskningsrapporter om bla.a  <em>placebo<\/em> (&laquo;tankens kraft&raquo;), <em>kvantefysikk<\/em> (energi vs materie), <em>cellebiologi<\/em> (cellenes liv og samarbeid) og <em>epigenetikk<\/em> (geners &laquo;av\/p\u00e5-knapp&raquo;). <em>Hormon<\/em>&#8211; og <em>nervesystemet<\/em>.<em> Det bevisste og det ubevisste sinnet.<\/em> <\/p>\n\n\n\n<p>Eller for \u00e5 si det med andre ord; menneskets enorme kapasitet og fantastiske evne til \u00e5 <em>fikse seg selv<\/em>. <\/p>\n\n\n\n<p>Men, -HVORDAN fikser man seg selv?? Hva er oppskriften??<\/p>\n\n\n\n<p>P\u00e5 leting etter svar ramlet jeg over hypnoterapi-studiet (inkludert EFT og NLP), og da falt mye p\u00e5 plass. Hypnoterapi \u00e5pner ganske enkelt <em>en vei inn<\/em> til disse (skjulte) ressursene, i tillegg til at man f\u00e5r verkt\u00f8yene man trenger for \u00e5 hente de ut. Til \u00e5 se l\u00f8sninger, skape endringer, kjenne p\u00e5 mestring og balanse. Til \u00e5 finne flyten i livet.<\/p>\n\n\n\n<h3 class=\"wp-block-heading\">Relevant utdannelse:<\/h3>\n\n\n\n<ul class=\"wp-block-list\">\n<li><em>Hypnoterapeut (med fordypningskurs) \u2013 Hypnoseakademiet<\/em><\/li>\n\n\n\n<li><em>Hypnotherapist \u2013 Paul McKenna \/ Mindvalley<\/em><\/li>\n\n\n\n<li><em>EFT-terapeut \u2013 Hypnoseakademiet<\/em><\/li>\n\n\n\n<li><em>Havening-ut\u00f8ver \u2013 Paul McKenna<\/em><\/li>\n\n\n\n<li><em>NLP-ut\u00f8ver \u2013 Stephen Crabb, Tina Taylor og Paul McKenna<\/em><\/li>\n\n\n\n<li><em>Sertifisert Mindvalley Coach<\/em><\/li>\n\n\n\n<li><em>Energiarbeid \/ Reiki healing (1,2,3) \u2013 Hjertets Visdom<\/em><\/li>\n\n\n\n<li><em>VEKS-kurs (Vitenskap, Etikk, Kommunikasjon, Samfunn) &#8211; Tunsberg Medisinske Skole<\/em><\/li>\n<\/ul>\n\n\n\n<div style=\"height:22px\" aria-hidden=\"true\" class=\"wp-block-spacer\"><\/div>\n\n\n\n<p><strong>Jeg har fordypningskurs i:<\/strong><\/p>\n\n\n\n<ul class=\"wp-block-list\">\n<li>Avansert Hypnoterapi<\/li>\n\n\n\n<li>Avansert EFT<\/li>\n\n\n\n<li>Vektreduksjon<\/li>\n\n\n\n<li>Smertebehandling<\/li>\n\n\n\n<li>R\u00f8ykeslutt (VitaKoden)<\/li>\n\n\n\n<li>Effektiv Psykoterapi<\/li>\n\n\n\n<li>Regresjon<\/li>\n\n\n\n<li>F\u00f8dselshypnose <\/li>\n<\/ul>\n\n\n\n<div style=\"height:22px\" aria-hidden=\"true\" class=\"wp-block-spacer\"><\/div>\n\n\n\n<figure class=\"wp-block-gallery has-nested-images columns-default is-cropped wp-block-gallery-1 is-layout-flex wp-block-gallery-is-layout-flex\">\n<figure class=\"wp-block-image size-large\"><img loading=\"lazy\" decoding=\"async\" width=\"1024\" height=\"722\" data-id=\"403\" src=\"https:\/\/finnflyten.no\/wp-content\/uploads\/2026\/03\/DIPLOM-HYPNOTERAPEUT-1024x722.jpg\" alt=\"\" class=\"wp-image-403\" srcset=\"https:\/\/finnflyten.no\/wp-content\/uploads\/2026\/03\/DIPLOM-HYPNOTERAPEUT-1024x722.jpg 1024w, https:\/\/finnflyten.no\/wp-content\/uploads\/2026\/03\/DIPLOM-HYPNOTERAPEUT-300x212.jpg 300w, https:\/\/finnflyten.no\/wp-content\/uploads\/2026\/03\/DIPLOM-HYPNOTERAPEUT-768x542.jpg 768w, https:\/\/finnflyten.no\/wp-content\/uploads\/2026\/03\/DIPLOM-HYPNOTERAPEUT-1536x1083.jpg 1536w, https:\/\/finnflyten.no\/wp-content\/uploads\/2026\/03\/DIPLOM-HYPNOTERAPEUT-2048x1444.jpg 2048w\" sizes=\"auto, (max-width: 1024px) 100vw, 1024px\" \/><figcaption class=\"wp-element-caption\">Hypnoseakademiet i Oslo<\/figcaption><\/figure>\n\n\n\n<figure class=\"wp-block-image size-large\"><img loading=\"lazy\" decoding=\"async\" width=\"1024\" height=\"748\" data-id=\"45\" src=\"https:\/\/finnflyten.no\/wp-content\/uploads\/2025\/01\/certificate-1024x748.jpg\" alt=\"\" class=\"wp-image-45\" srcset=\"https:\/\/finnflyten.no\/wp-content\/uploads\/2025\/01\/certificate-1024x748.jpg 1024w, https:\/\/finnflyten.no\/wp-content\/uploads\/2025\/01\/certificate-300x219.jpg 300w, https:\/\/finnflyten.no\/wp-content\/uploads\/2025\/01\/certificate-768x561.jpg 768w, https:\/\/finnflyten.no\/wp-content\/uploads\/2025\/01\/certificate-1536x1121.jpg 1536w, https:\/\/finnflyten.no\/wp-content\/uploads\/2025\/01\/certificate-2048x1495.jpg 2048w\" sizes=\"auto, (max-width: 1024px) 100vw, 1024px\" \/><figcaption class=\"wp-element-caption\">Mindvalley \/ Paul McKenna<\/figcaption><\/figure>\n<\/figure>\n\n\n\n<h3 class=\"wp-block-heading\">Hypnoterapeut, EFT-terapeut, NLP-ut\u00f8ver og Havening-ut\u00f8ver:<\/h3>\n\n\n\n<p>Utdannelsen som hypnoterapeut fra <a href=\"https:\/\/hypnoseakademiet.no\/\">Hypnoseakademiet<\/a> er godkjent av Helsedirektoratet og American Board of Hypnotherapy. Medlemskapet i ut\u00f8verorganisasjonen <a href=\"https:\/\/www.nlh.onl\/styret-i-nlh\/\">Norges Landsforbund av Hom\u00f8opraktikere<\/a> (NLH), er ogs\u00e5 godkjent av Helsedirektoratet.<\/p>\n\n\n\n<p>P\u00e5 Hypnoseakademiet tok jeg ogs\u00e5 utdannelse som EFT-terapeut. EFT\/ Emotional Freedom Techniques (&laquo;Tapping&raquo;) er en metode som kombinerer lett fingerbanking p\u00e5 spesifikke akupressurpunkter med mentalt fokus p\u00e5 et problem. Dette roer ned nervesystemet og frigj\u00f8r emosjonelle blokkeringer.<\/p>\n\n\n\n<p>I tillegg er jeg sertifisert som hypnoterapeut internasjonalt av\u00a0<a href=\"https:\/\/www.paulmckenna.com\/\" target=\"_blank\" rel=\"noreferrer noopener\">Paul McKenna<\/a>, fasilitert av Mindvalley. Paul McKenna er en av de mest kjente og suksessfulle hypnotis\u00f8rene (b\u00e5de innen terapi og scenehypnose) i verden. Her fikk jeg ogs\u00e5 undervisning i Havening, med vekt p\u00e5 Event-Havening, en metode som er spesielt godt egnet til traumebehandling, samt NLP (Neuro Lingvistisk Programmering).<\/p>\n\n\n\n<figure class=\"wp-block-image size-full\"><img loading=\"lazy\" decoding=\"async\" width=\"557\" height=\"170\" src=\"https:\/\/finnflyten.no\/wp-content\/uploads\/2026\/03\/Paul-og-Susanne1.jpg\" alt=\"\" class=\"wp-image-405\" srcset=\"https:\/\/finnflyten.no\/wp-content\/uploads\/2026\/03\/Paul-og-Susanne1.jpg 557w, https:\/\/finnflyten.no\/wp-content\/uploads\/2026\/03\/Paul-og-Susanne1-300x92.jpg 300w\" sizes=\"auto, (max-width: 557px) 100vw, 557px\" \/><\/figure>\n\n\n\n<div style=\"height:30px\" aria-hidden=\"true\" class=\"wp-block-spacer\"><\/div>\n\n\n\n<p>NLP er veldig overfladisk forklart en metode der man regulerer nervesystemet&nbsp;<strong>(neuro)<\/strong>&nbsp;ved \u00e5 bruke kreativ bildebruk og ord-formuleringer&nbsp;<strong>(lingvistisk)<\/strong>&nbsp;slik at man kan skape nye vaner og ta bedre valg&nbsp;<strong>(programmering)<\/strong>.<\/p>\n\n\n\n<p>Jeg har ogs\u00e5 studert NLP hos to eminente NLP-Mestere;&nbsp;<a href=\"https:\/\/www.nlpmasterclass.co.uk\/\" target=\"_blank\" rel=\"noreferrer noopener\">Stephen (Steve) Crabb og Tina Taylor<\/a>&nbsp;\u2013 som i flere ti\u00e5r har undervist og samarbeidet med Dr. Richard Bandler (medskaper av NLP).<\/p>\n\n\n\n<p>B\u00e5de utdannelsen og jeg personlig er akkreditert av International Alliance of Professional Complementary Practitioners (IAPCP).<\/p>\n\n\n\n<p><strong>Jeg er med dette ogs\u00e5 en sertifisert Mindvalley Coach.<\/strong><\/p>\n\n\n\n<hr class=\"wp-block-separator has-alpha-channel-opacity\"\/>\n\n\n\n<p>For \u00e5 krydre det hele litt har jeg ogs\u00e5 fullf\u00f8rt kurs 1, 2 og 3 i&nbsp;<strong>Reiki Healing<\/strong>&nbsp;hos Siv Nancy Ingvaldsen \/&nbsp;<a href=\"https:\/\/hjertetstempel.no\/\" target=\"_blank\" rel=\"noreferrer noopener\">Hjertets Visdom<\/a>.<\/p>\n\n\n\n<div class=\"wp-block-media-text is-stacked-on-mobile\" style=\"grid-template-columns:29% auto\"><figure class=\"wp-block-media-text__media\"><img loading=\"lazy\" decoding=\"async\" width=\"768\" height=\"1024\" src=\"https:\/\/finnflyten.no\/wp-content\/uploads\/2025\/01\/Bruce-Lipton-1-768x1024.jpg\" alt=\"\" class=\"wp-image-109 size-full\" srcset=\"https:\/\/finnflyten.no\/wp-content\/uploads\/2025\/01\/Bruce-Lipton-1-768x1024.jpg 768w, https:\/\/finnflyten.no\/wp-content\/uploads\/2025\/01\/Bruce-Lipton-1-225x300.jpg 225w, https:\/\/finnflyten.no\/wp-content\/uploads\/2025\/01\/Bruce-Lipton-1-1152x1536.jpg 1152w, https:\/\/finnflyten.no\/wp-content\/uploads\/2025\/01\/Bruce-Lipton-1.jpg 1170w\" sizes=\"auto, (max-width: 768px) 100vw, 768px\" \/><\/figure><div class=\"wp-block-media-text__content\">\n<p>Utover dette har jeg v\u00e6rt p\u00e5 utallige kurs og seminarer med mange av mine forbilder, deriblant Dr. Joe Dispenza og Dr. Bruce Lipton <em>(foto til venstre)<\/em>, og slukt alt jeg har kommet over av Jos\u00e9 Silva \/ Silva-metoden, Gregg Braden <em>(foto under)<\/em>, Louise Hay \/ HayHouse, Eckhart Tolle, Wim Hof, Dr. Gabor Mat\u00e9, og mange, mange flere. (Listen er&nbsp;<em>lang<\/em>.)<\/p>\n\n\n\n<figure class=\"wp-block-gallery has-nested-images columns-default is-cropped wp-block-gallery-2 is-layout-flex wp-block-gallery-is-layout-flex\">\n<figure class=\"wp-block-image size-full\"><img loading=\"lazy\" decoding=\"async\" width=\"582\" height=\"166\" data-id=\"407\" src=\"https:\/\/finnflyten.no\/wp-content\/uploads\/2026\/03\/Gregg-Braden-og-Susanne.jpg\" alt=\"\" class=\"wp-image-407\" srcset=\"https:\/\/finnflyten.no\/wp-content\/uploads\/2026\/03\/Gregg-Braden-og-Susanne.jpg 582w, https:\/\/finnflyten.no\/wp-content\/uploads\/2026\/03\/Gregg-Braden-og-Susanne-300x86.jpg 300w\" sizes=\"auto, (max-width: 582px) 100vw, 582px\" \/><\/figure>\n<\/figure>\n<\/div><\/div>\n","protected":false},"excerpt":{"rendered":"<p>N\u00e5r jeg forteller at jeg er hypnoterapeut hender det jeg m\u00f8ter skepsis og usikkerhet. Noen er engstelige for at jeg skal f\u00e5 dem til \u00e5 st\u00e5 p\u00e5 ett ben og rope \u00abkykkeliky\u00bb. -Hei! Jeg heter Susanne, jeg er registrert Hypnoterapeut MNLH, og jeg er stort sett ganske snill. Og hypnoterapi handler ikke om \u00e5 miste &hellip; <\/p>\n","protected":false},"author":1,"featured_media":0,"parent":0,"menu_order":0,"comment_status":"closed","ping_status":"closed","template":"","meta":{"footnotes":""},"class_list":["post-34","page","type-page","status-publish","hentry","grid-sizer"],"_links":{"self":[{"href":"https:\/\/finnflyten.no\/index.php\/wp-json\/wp\/v2\/pages\/34","targetHints":{"allow":["GET"]}}],"collection":[{"href":"https:\/\/finnflyten.no\/index.php\/wp-json\/wp\/v2\/pages"}],"about":[{"href":"https:\/\/finnflyten.no\/index.php\/wp-json\/wp\/v2\/types\/page"}],"author":[{"embeddable":true,"href":"https:\/\/finnflyten.no\/index.php\/wp-json\/wp\/v2\/users\/1"}],"replies":[{"embeddable":true,"href":"https:\/\/finnflyten.no\/index.php\/wp-json\/wp\/v2\/comments?post=34"}],"version-history":[{"count":52,"href":"https:\/\/finnflyten.no\/index.php\/wp-json\/wp\/v2\/pages\/34\/revisions"}],"predecessor-version":[{"id":418,"href":"https:\/\/finnflyten.no\/index.php\/wp-json\/wp\/v2\/pages\/34\/revisions\/418"}],"wp:attachment":[{"href":"https:\/\/finnflyten.no\/index.php\/wp-json\/wp\/v2\/media?parent=34"}],"curies":[{"name":"wp","href":"https:\/\/api.w.org\/{rel}","templated":true}]}}