{"id":51,"date":"2025-01-07T19:41:45","date_gmt":"2025-01-07T19:41:45","guid":{"rendered":"https:\/\/finnflyten.no\/?page_id=51"},"modified":"2026-03-29T17:46:23","modified_gmt":"2026-03-29T17:46:23","slug":"kontakt","status":"publish","type":"page","link":"https:\/\/finnflyten.no\/index.php\/kontakt\/","title":{"rendered":"Kontakt"},"content":{"rendered":"\n<p><strong>Jeg tilbyr konsultasjon <strong>(\u00e9n-til-\u00e9n<\/strong><\/strong>) <strong>med oppm\u00f8te i mine private lokaler, eller som online-behandling via PC\/ nettbrett (Zoom).<\/strong> Online konsultasjon er et rimeligere alternativ, ettersom det krever mindre tilrettelegging og forberedelser, og behandlingen er den samme som i behandlingsrom.<\/p>\n\n\n\n<p><strong>PRISER:<\/strong><\/p>\n\n\n\n<ul class=\"wp-block-list\">\n<li><strong>OPPSTARTSPAKKE 2t + 1,5t:\u00a0<\/strong><mark style=\"background-color:#7bdcb5\" class=\"has-inline-color has-black-color\">Online: kr 3 000,-.<\/mark>\u00a0\/ <mark style=\"background-color:#8ed1fc\" class=\"has-inline-color has-black-color\">Behandlingsrom: kr 4 000,-.<\/mark><\/li>\n\n\n\n<li><strong>GENERELL KONSULTASJON 1,5t:<\/strong>\u00a0<mark style=\"background-color:#7bdcb5\" class=\"has-inline-color has-black-color\">Online: kr 1 500,-.<\/mark> \/\u00a0<mark style=\"background-color:#8ed1fc\" class=\"has-inline-color has-black-color\">Behandlingsrom: kr 2 000,-.<\/mark><\/li>\n<\/ul>\n\n\n\n<div style=\"height:50px\" aria-hidden=\"true\" class=\"wp-block-spacer\"><\/div>\n\n\n\n<p><strong>\u00c5PNINGSTIDER:<\/strong><\/p>\n\n\n\n<ul class=\"wp-block-list\">\n<li>Mandag til fredag: Kl 10:00 &#8211; 18:00<\/li>\n\n\n\n<li>L\u00f8rdag og s\u00f8ndag stengt.<\/li>\n<\/ul>\n\n\n\n<div style=\"height:50px\" aria-hidden=\"true\" class=\"wp-block-spacer\"><\/div>\n\n\n\n<p>Om du har sp\u00f8rsm\u00e5l eller \u00f8nsker \u00e5 bestille time til konsultasjon, ta gjerne kontakt p\u00e5 mail eller mobil, s\u00e5 vil jeg svare s\u00e5 raskt jeg kan.<\/p>\n\n\n\n<p><strong>Mail: post@finnflyten.no<\/strong><\/p>\n\n\n\n<p><strong>Mobil: +47 412 36 244<\/strong><\/p>\n\n\n\n<div style=\"height:50px\" aria-hidden=\"true\" class=\"wp-block-spacer\"><\/div>\n\n\n\n<div style=\"height:40px\" aria-hidden=\"true\" class=\"wp-block-spacer\"><\/div>\n\n\n\n<div class=\"wp-block-media-text is-stacked-on-mobile is-image-fill-element is-style-rounded\" style=\"grid-template-columns:24% auto\"><figure class=\"wp-block-media-text__media\"><img loading=\"lazy\" decoding=\"async\" width=\"768\" height=\"1024\" src=\"https:\/\/finnflyten.no\/wp-content\/uploads\/2026\/03\/Profil1.jpg\" alt=\"\" class=\"wp-image-373 size-full\" style=\"object-position:58% 10%\" srcset=\"https:\/\/finnflyten.no\/wp-content\/uploads\/2026\/03\/Profil1.jpg 768w, https:\/\/finnflyten.no\/wp-content\/uploads\/2026\/03\/Profil1-225x300.jpg 225w\" sizes=\"auto, (max-width: 768px) 100vw, 768px\" \/><\/figure><div class=\"wp-block-media-text__content\">\n<div class=\"wp-block-group\"><div class=\"wp-block-group__inner-container is-layout-constrained wp-block-group-is-layout-constrained\">\n<p>Jeg ser frem til et samarbeid med deg!<br>Vennlig hilsen<\/p>\n\n\n\n<figure class=\"wp-block-image size-medium is-resized wp-duotone-rgb1399898-ffffff-1\"><img loading=\"lazy\" decoding=\"async\" width=\"300\" height=\"98\" src=\"https:\/\/finnflyten.no\/wp-content\/uploads\/2026\/03\/Signatur1-300x98.png\" alt=\"\" class=\"wp-image-358\" style=\"width:216px;height:auto\" srcset=\"https:\/\/finnflyten.no\/wp-content\/uploads\/2026\/03\/Signatur1-300x98.png 300w, https:\/\/finnflyten.no\/wp-content\/uploads\/2026\/03\/Signatur1.png 463w\" sizes=\"auto, (max-width: 300px) 100vw, 300px\" \/><\/figure>\n<\/div><\/div>\n<\/div><\/div>\n\n\n\n<div style=\"height:25px\" aria-hidden=\"true\" class=\"wp-block-spacer\"><\/div>\n\n\n\n<p><em>Finn Flyten v\/ Susanne Agard Aas. Org.nr: 934 773 918<\/em><\/p>\n\n\n\n<p><\/p>\n","protected":false},"excerpt":{"rendered":"<p>Jeg tilbyr konsultasjon (\u00e9n-til-\u00e9n) med oppm\u00f8te i mine private lokaler, eller som online-behandling via PC\/ nettbrett (Zoom). Online konsultasjon er et rimeligere alternativ, ettersom det krever mindre tilrettelegging og forberedelser, og behandlingen er den samme som i behandlingsrom. PRISER: \u00c5PNINGSTIDER: Om du har sp\u00f8rsm\u00e5l eller \u00f8nsker \u00e5 bestille time til konsultasjon, ta gjerne kontakt p\u00e5 &hellip; <\/p>\n","protected":false},"author":1,"featured_media":0,"parent":0,"menu_order":0,"comment_status":"closed","ping_status":"closed","template":"","meta":{"footnotes":""},"class_list":["post-51","page","type-page","status-publish","hentry","grid-sizer"],"_links":{"self":[{"href":"https:\/\/finnflyten.no\/index.php\/wp-json\/wp\/v2\/pages\/51","targetHints":{"allow":["GET"]}}],"collection":[{"href":"https:\/\/finnflyten.no\/index.php\/wp-json\/wp\/v2\/pages"}],"about":[{"href":"https:\/\/finnflyten.no\/index.php\/wp-json\/wp\/v2\/types\/page"}],"author":[{"embeddable":true,"href":"https:\/\/finnflyten.no\/index.php\/wp-json\/wp\/v2\/users\/1"}],"replies":[{"embeddable":true,"href":"https:\/\/finnflyten.no\/index.php\/wp-json\/wp\/v2\/comments?post=51"}],"version-history":[{"count":31,"href":"https:\/\/finnflyten.no\/index.php\/wp-json\/wp\/v2\/pages\/51\/revisions"}],"predecessor-version":[{"id":386,"href":"https:\/\/finnflyten.no\/index.php\/wp-json\/wp\/v2\/pages\/51\/revisions\/386"}],"wp:attachment":[{"href":"https:\/\/finnflyten.no\/index.php\/wp-json\/wp\/v2\/media?parent=51"}],"curies":[{"name":"wp","href":"https:\/\/api.w.org\/{rel}","templated":true}]}}